{"id":26,"date":"2024-12-11T11:18:09","date_gmt":"2024-12-11T10:18:09","guid":{"rendered":"http:\/\/jesature.com\/?page_id=26"},"modified":"2025-01-01T13:18:02","modified_gmt":"2025-01-01T12:18:02","slug":"comment-desaturer","status":"publish","type":"page","link":"https:\/\/jesature.com\/?page_id=26","title":{"rendered":"Comment d\u00e9saturer?"},"content":{"rendered":"\n<div class=\"wp-block-group alignfull is-layout-constrained wp-container-core-group-is-layout-012299eb wp-block-group-is-layout-constrained\" style=\"padding-bottom:5%\">\n<div class=\"wp-block-group is-layout-flow wp-container-core-group-is-layout-215ed0c7 wp-block-group-is-layout-flow\">\n<h3 class=\"wp-block-heading has-text-align-center\"><mark style=\"background-color:rgba(0, 0, 0, 0)\" class=\"has-inline-color has-tertiary-color\">Des solutions concr\u00e8tes<\/mark><\/h3>\n\n\n\n<p class=\"has-text-align-center\">La situation n&rsquo;est pas simple, mais un peu de m\u00e9thode peut aider&#8230;<\/p>\n<\/div>\n\n\n\n<div class=\"wp-block-columns alignwide is-layout-flex wp-container-core-columns-is-layout-828b44bc wp-block-columns-is-layout-flex\">\n<div class=\"wp-block-column is-layout-flow wp-container-core-column-is-layout-b7c2463f wp-block-column-is-layout-flow\" style=\"flex-basis:33.34%\">\n<figure class=\"wp-block-image size-full has-custom-border editor:no-caption editor:no-resize\"><img loading=\"lazy\" decoding=\"async\" width=\"490\" height=\"327\" src=\"http:\/\/jesature.com\/wp-content\/uploads\/2024\/12\/White-Speaker-Network-News-Line-Logo-1.png\" alt=\"\" class=\"wp-image-69\" style=\"border-top-left-radius:250px;border-top-right-radius:250px\" srcset=\"https:\/\/jesature.com\/wp-content\/uploads\/2024\/12\/White-Speaker-Network-News-Line-Logo-1.png 490w, https:\/\/jesature.com\/wp-content\/uploads\/2024\/12\/White-Speaker-Network-News-Line-Logo-1-300x200.png 300w\" sizes=\"auto, (max-width: 490px) 100vw, 490px\" \/><\/figure>\n\n\n\n<div class=\"wp-block-group ext-h-full has-background is-layout-flow wp-container-core-group-is-layout-0d006f4c wp-block-group-is-layout-flow\" style=\"background-color:#a7c6d8;padding-top:3rem;padding-right:2rem;padding-bottom:3rem;padding-left:2rem\">\n<h3 class=\"wp-block-heading has-text-align-left has-medium-font-size\" style=\"font-style:normal;font-weight:600\">Le livre<\/h3>\n\n\n\n<hr class=\"wp-block-separator has-text-color has-alpha-channel-opacity has-background is-style-wide\" style=\"background-color:#ffffff4f;color:#ffffff4f\"\/>\n\n\n\n<p class=\"has-text-align-left\">Ce livre est une m\u00e9thode avec des \u00e9tapes. 4 chapitres. A lire un par un en se laissant le temps de s&rsquo;entra\u00eener avant le chapitre suivant. D\u00e9saturer, \u00e9tape par \u00e9tape.<\/p>\n\n\n\n<div class=\"wp-block-buttons is-layout-flex wp-block-buttons-is-layout-flex\">\n<div class=\"wp-block-button is-style-outline is-style-outline--1\"><a class=\"wp-block-button__link wp-element-button\" href=\"https:\/\/www.amazon.fr\/Je-d%C3%A9sature-retrouver-facult%C3%A9s-%C3%A9quilibre\/dp\/2501189612\/ref=sr_1_7?dib=eyJ2IjoiMSJ9.e3jkd7M3xERb-7A5_Pne-fvK4P8ci5fboo_j0edggroojE9CESlp-ZLuRMTtlSqezPdgNFY_JDtZ-JNUhmNcEzok4XcmBPOKG2S81c9RXCYYjYVHu9CQu2lEFkBNhazy9AbZ3pzLzKrLl4SIk79-aPjFjAqHhqJ7wudYK-s9sfKk995iDNK0dpGc_dRvxl9BQv6KzMBJsW7c2vxMqBO6S0LiwlJS75eoLwJXBRqvcEk.TDNWRDv70fDc3g10R7CrSGplti-OYa0PZAo8FB-E3co&amp;dib_tag=se&amp;nsdOptOutParam=true&amp;qid=1734702847&amp;refinements=p_27%3APhilippe+Aim&amp;s=books&amp;sr=1-7\">Acheter le livre<\/a><\/div>\n<\/div>\n<\/div>\n\n\n\n<div class=\"wp-block-buttons is-content-justification-center is-layout-flex wp-container-core-buttons-is-layout-b5994976 wp-block-buttons-is-layout-flex\"><\/div>\n<\/div>\n\n\n\n<div class=\"wp-block-column is-layout-flow wp-container-core-column-is-layout-b7c2463f wp-block-column-is-layout-flow\" style=\"flex-basis:33.34%\">\n<figure class=\"wp-block-image size-full has-custom-border editor:no-caption editor:no-resize\"><img loading=\"lazy\" decoding=\"async\" width=\"496\" height=\"323\" src=\"http:\/\/jesature.com\/wp-content\/uploads\/2024\/12\/3.png\" alt=\"\" class=\"wp-image-68\" style=\"border-top-left-radius:250px;border-top-right-radius:250px\" srcset=\"https:\/\/jesature.com\/wp-content\/uploads\/2024\/12\/3.png 496w, https:\/\/jesature.com\/wp-content\/uploads\/2024\/12\/3-300x195.png 300w\" sizes=\"auto, (max-width: 496px) 100vw, 496px\" \/><\/figure>\n\n\n\n<div class=\"wp-block-group ext-h-full has-background is-layout-flow wp-container-core-group-is-layout-0d006f4c wp-block-group-is-layout-flow\" style=\"background-color:#c3d9e7;padding-top:3rem;padding-right:2rem;padding-bottom:3rem;padding-left:2rem\">\n<h3 class=\"wp-block-heading has-text-align-left has-medium-font-size\" style=\"font-style:normal;font-weight:600\">En vid\u00e9o<\/h3>\n\n\n\n<hr class=\"wp-block-separator has-text-color has-alpha-channel-opacity has-background is-style-wide\" style=\"background-color:#ffffff4f;color:#ffffff4f\"\/>\n\n\n\n<p class=\"has-text-align-left\">Pour aller plus loin : un apprentissage en vid\u00e9o et en ligne de la d\u00e9saturation. <br>Aller un peu plus loin avec des vid\u00e9os didactiques, des exercices concrets, la possibilit\u00e9 de poser des questions et de progresser.<\/p>\n\n\n\n<div class=\"wp-block-buttons is-layout-flex wp-block-buttons-is-layout-flex\">\n<div class=\"wp-block-button is-style-outline is-style-outline--2\"><a class=\"wp-block-button__link wp-element-button\" href=\"https:\/\/www.commpsy.fr\/formations\/burnout-et-saturation\/\">D\u00e9couvrir<\/a><\/div>\n<\/div>\n<\/div>\n<\/div>\n\n\n\n<div class=\"wp-block-column is-layout-flow wp-container-core-column-is-layout-b7c2463f wp-block-column-is-layout-flow\" style=\"flex-basis:33.34%\">\n<figure class=\"wp-block-image size-full has-custom-border editor:no-caption editor:no-resize\"><img loading=\"lazy\" decoding=\"async\" width=\"495\" height=\"326\" src=\"http:\/\/jesature.com\/wp-content\/uploads\/2024\/12\/2-1.png\" alt=\"\" class=\"wp-image-67\" style=\"border-top-left-radius:250px;border-top-right-radius:250px\" srcset=\"https:\/\/jesature.com\/wp-content\/uploads\/2024\/12\/2-1.png 495w, https:\/\/jesature.com\/wp-content\/uploads\/2024\/12\/2-1-300x198.png 300w\" sizes=\"auto, (max-width: 495px) 100vw, 495px\" \/><\/figure>\n\n\n\n<div class=\"wp-block-group ext-h-full has-background is-layout-flow wp-container-core-group-is-layout-0d006f4c wp-block-group-is-layout-flow\" style=\"background-color:#a7d5d2;padding-top:3rem;padding-right:2rem;padding-bottom:3rem;padding-left:2rem\">\n<h3 class=\"wp-block-heading has-text-align-left has-medium-font-size\" style=\"font-style:normal;font-weight:600\">Une formation sur 2j<\/h3>\n\n\n\n<hr class=\"wp-block-separator has-text-color has-alpha-channel-opacity has-background is-style-wide\" style=\"background-color:#ffffff4f;color:#ffffff4f\"\/>\n\n\n\n<p class=\"has-text-align-left\">Vous \u00eates un professionnel, vous souhaitez apprendre \u00e0 aider vos patients \u00e0 d\u00e9saturer. En deux jours nous apprenons ensemble tous les outils et bien d&rsquo;autres, de fa\u00e7on concr\u00e8te (avec beaucoup d&rsquo;exercices), pour faire face \u00e0 de nombreuses situations.<\/p>\n\n\n\n<div class=\"wp-block-buttons is-layout-flex wp-block-buttons-is-layout-flex\">\n<div class=\"wp-block-button is-style-outline is-style-outline--3\"><a class=\"wp-block-button__link wp-element-button\" href=\"https:\/\/institut-uthyl.com\/burnout\/\"><strong>Se former<\/strong><\/a><\/div>\n<\/div>\n<\/div>\n<\/div>\n<\/div>\n<\/div>\n\n\n\n<p><\/p>\n","protected":false},"excerpt":{"rendered":"<p>Des solutions concr\u00e8tes La situation n&rsquo;est pas simple, mais un peu de m\u00e9thode peut aider&#8230; Le livre Ce livre est une m\u00e9thode avec des \u00e9tapes. 4 chapitres. A lire un par un en se laissant le temps de s&rsquo;entra\u00eener avant le chapitre suivant. D\u00e9saturer, \u00e9tape par \u00e9tape. En vid\u00e9o Pour aller plus loin : un [&hellip;]<\/p>\n","protected":false},"author":2,"featured_media":0,"parent":0,"menu_order":0,"comment_status":"closed","ping_status":"closed","template":"","meta":{"footnotes":""},"class_list":["post-26","page","type-page","status-publish","hentry"],"_links":{"self":[{"href":"https:\/\/jesature.com\/index.php?rest_route=\/wp\/v2\/pages\/26","targetHints":{"allow":["GET"]}}],"collection":[{"href":"https:\/\/jesature.com\/index.php?rest_route=\/wp\/v2\/pages"}],"about":[{"href":"https:\/\/jesature.com\/index.php?rest_route=\/wp\/v2\/types\/page"}],"author":[{"embeddable":true,"href":"https:\/\/jesature.com\/index.php?rest_route=\/wp\/v2\/users\/2"}],"replies":[{"embeddable":true,"href":"https:\/\/jesature.com\/index.php?rest_route=%2Fwp%2Fv2%2Fcomments&post=26"}],"version-history":[{"count":5,"href":"https:\/\/jesature.com\/index.php?rest_route=\/wp\/v2\/pages\/26\/revisions"}],"predecessor-version":[{"id":101,"href":"https:\/\/jesature.com\/index.php?rest_route=\/wp\/v2\/pages\/26\/revisions\/101"}],"wp:attachment":[{"href":"https:\/\/jesature.com\/index.php?rest_route=%2Fwp%2Fv2%2Fmedia&parent=26"}],"curies":[{"name":"wp","href":"https:\/\/api.w.org\/{rel}","templated":true}]}}